{"id":8,"date":"2017-02-18T08:45:51","date_gmt":"2017-02-18T08:45:51","guid":{"rendered":"http:\/\/www.business-plan.org\/?page_id=8"},"modified":"2017-10-28T09:01:54","modified_gmt":"2017-10-28T09:01:54","slug":"business-plan-cabinet-expertise-comptable","status":"publish","type":"page","link":"https:\/\/www.business-plan.org\/index.php\/business-plan-cabinet-expertise-comptable\/","title":{"rendered":"Notre cabinet"},"content":{"rendered":"<p>Nous sommes un <strong>cabinet d\u2019expertise comptable et de commissariat aux comptes<\/strong>, \u00e0 taille humaine, situ\u00e9 dans le 13\u00e8me arrondissement de Paris.<img loading=\"lazy\" decoding=\"async\" class=\"wp-image-151 size-medium aligncenter\" title=\"cabinet d'expertise comptable sp\u00e9cialis\u00e9 dans les business-plan et demande de financement bancaire\" src=\"http:\/\/www.business-plan.org\/wp-content\/uploads\/2017\/02\/logo_transparent_oec-300x53.png\" alt=\"cabinet d'expertise comptable sp\u00e9cialis\u00e9 dans les business-plan et demande de financement bancaire\" width=\"300\" height=\"53\" srcset=\"https:\/\/www.business-plan.org\/wp-content\/uploads\/2017\/02\/logo_transparent_oec.png 300w, https:\/\/www.business-plan.org\/wp-content\/uploads\/2017\/02\/logo_transparent_oec-50x9.png 50w\" sizes=\"auto, (max-width: 300px) 100vw, 300px\" \/><\/p>\n<p>Nous intervenons dans le domaine de l\u2019expertise comptable, mais nous d\u00e9tenons \u00e9galement de nombreux mandats de commissariat aux comptes.<\/p>\n<p>La gestion financi\u00e8re, le contr\u00f4le de gestion et la recherche de financement sont des domaines qui nous int\u00e9ressent.<\/p>\n<p>C\u2019est la raison pour laquelle nos \u00e9quipes ont acquis un <strong><em>savoir-faire reconnu par nos partenaires financiers.<\/em><\/strong><\/p>\n<p>Nous avons d\u00e9velopp\u00e9 en interne des outils performants et p\u00e9dagogiques permettant l\u2019\u00e9tablissement de dossiers de financement adapt\u00e9s \u00e0 la situation qui nous est propos\u00e9e, en <strong><em>rupture totale avec les habitudes des &#8220;sp\u00e9cialistes en business-plan&#8221; !<\/em><\/strong><\/p>\n<p>Vous \u00eates \u00e0 la recherche d\u2019un financement pour un rachat de soci\u00e9t\u00e9 ou de fonds de commerce ?<\/p>\n<p>Vous souhaitez restructurer financi\u00e8rement votre soci\u00e9t\u00e9 ?<\/p>\n<p><em><strong>Contactez-nous !<\/strong><\/em> Nous vous accueillerons rapidement dans nos locaux parisiens !<\/p>\n<p>Nous interviendrons dans le respect des normes professionnelles et d\u00e9ontologiques de l\u2019<a href=\"http:\/\/www.experts-comptables.fr\/\" target=\"_blank\" rel=\"noopener\">Ordre des Experts-Comptables<\/a>. Ainsi, dans le cadre de l&#8217;\u00e9tablissement de votre business-plan, nous \u00e9voquerons les diff\u00e9rentes facettes de votre projet. Les aspects comptable, juridique, fiscal et social seront tous abord\u00e9s afin que vous preniez les bonnes d\u00e9cisions. Un business-plan ne se r\u00e9sume pas \u00e0 aligner des chiffres et \u00e0 int\u00e9grer des graphiques sur une trentaine de pages !<\/p>\n<p><em><strong>Votre business-plan sera ainsi personnalis\u00e9 en fonction de votre profil et de vos projets;\u00a0son <a href=\"http:\/\/www.business-plan.org\/index.php\/emprunt-bancaire\/\">volet financier<\/a> contiendra un nombre r\u00e9duit de pages pour en faciliter la lecture et le traitement par les banques ! Abondance ne signifie pas qualit\u00e9 !<\/strong><\/em><\/p>\n<p>&nbsp;<\/p>\n","protected":false},"excerpt":{"rendered":"<p>Nous sommes un cabinet d\u2019expertise comptable et de commissariat aux comptes, \u00e0 taille humaine, situ\u00e9 dans le 13\u00e8me arrondissement de Paris. Nous intervenons dans le domaine de l\u2019expertise comptable, mais nous d\u00e9tenons \u00e9galement de nombreux mandats de commissariat aux comptes. La gestion financi\u00e8re, le contr\u00f4le de gestion et la recherche de financement sont des domaines<a href=\"https:\/\/www.business-plan.org\/index.php\/business-plan-cabinet-expertise-comptable\/\">[&#8230;]<\/a><\/p>\n","protected":false},"author":2,"featured_media":0,"parent":0,"menu_order":0,"comment_status":"open","ping_status":"closed","template":"","meta":{"footnotes":""},"yst_prominent_words":[50,830,829,825,47,828,827,826,12,90,37,1190,45,85,1188,48,1193,49,1228,88],"class_list":["post-8","page","type-page","status-publish","hentry"],"_links":{"self":[{"href":"https:\/\/www.business-plan.org\/index.php\/wp-json\/wp\/v2\/pages\/8","targetHints":{"allow":["GET"]}}],"collection":[{"href":"https:\/\/www.business-plan.org\/index.php\/wp-json\/wp\/v2\/pages"}],"about":[{"href":"https:\/\/www.business-plan.org\/index.php\/wp-json\/wp\/v2\/types\/page"}],"author":[{"embeddable":true,"href":"https:\/\/www.business-plan.org\/index.php\/wp-json\/wp\/v2\/users\/2"}],"replies":[{"embeddable":true,"href":"https:\/\/www.business-plan.org\/index.php\/wp-json\/wp\/v2\/comments?post=8"}],"version-history":[{"count":19,"href":"https:\/\/www.business-plan.org\/index.php\/wp-json\/wp\/v2\/pages\/8\/revisions"}],"predecessor-version":[{"id":1110,"href":"https:\/\/www.business-plan.org\/index.php\/wp-json\/wp\/v2\/pages\/8\/revisions\/1110"}],"wp:attachment":[{"href":"https:\/\/www.business-plan.org\/index.php\/wp-json\/wp\/v2\/media?parent=8"}],"wp:term":[{"taxonomy":"yst_prominent_words","embeddable":true,"href":"https:\/\/www.business-plan.org\/index.php\/wp-json\/wp\/v2\/yst_prominent_words?post=8"}],"curies":[{"name":"wp","href":"https:\/\/api.w.org\/{rel}","templated":true}]}}