{"id":644,"date":"2017-03-16T08:01:02","date_gmt":"2017-03-16T08:01:02","guid":{"rendered":"http:\/\/www.business-plan.org\/?page_id=644"},"modified":"2017-10-29T04:42:58","modified_gmt":"2017-10-29T04:42:58","slug":"salon-de-coiffure","status":"publish","type":"page","link":"https:\/\/www.business-plan.org\/index.php\/fiches-metiers-financement\/salon-de-coiffure\/","title":{"rendered":"Salon de coiffure"},"content":{"rendered":"<h2>Que recouvre le secteur de la coiffure ?<\/h2>\n<p><span style=\"font-family: Trebuchet MS;\">La profession de <strong>coiffeur<\/strong> consiste \u00e0 effectuer, en salon ou \u00e0 domicile, diff\u00e9rents types d\u2019op\u00e9rations de soins esth\u00e9tiques et hygi\u00e9niques sur la chevelure : shampooing, coupe, mise en plis, coloration, permanente, etc. <\/span><\/p>\n<h2>L&#8217;organisation de la profession<\/h2>\n<p>La profession s&#8217;est organis\u00e9e autour de trois modes d&#8217;exercice :<\/p>\n<ul>\n<li>Les ind\u00e9pendants,<\/li>\n<\/ul>\n<p style=\"padding-left: 60px;\">Selon la F\u00e9d\u00e9ration nationale de la coiffure, les <strong>coiffeurs<\/strong> ind\u00e9pendants repr\u00e9sentent environ 90% du nombre d&#8217;\u00e9tablissements du secteur. Ils misent g\u00e9n\u00e9ralement sur la qualit\u00e9 des services et sur la proximit\u00e9 avec leur client\u00e8le.<\/p>\n<ul>\n<li>Les cha\u00eenes,<\/li>\n<\/ul>\n<p style=\"padding-left: 60px;\">Il s&#8217;agit de r\u00e9seaux de salons sous enseigne. Les cha\u00eenes sont principalement compos\u00e9es d&#8217;entreprises ind\u00e9pendantes li\u00e9es par un contrat de franchise au propri\u00e9taire de l&#8217;enseigne. La F\u00e9d\u00e9ration nationale de la coiffure \u00e9value \u00e0 environ 10% de le nombre de <strong>salons de coiffure<\/strong> sous franchise.<\/p>\n<ul>\n<li>Les coiffeurs \u00e0 domicile<\/li>\n<\/ul>\n<p style=\"padding-left: 60px;\">La hausse des intervenant \u00e0 domicile s&#8217;est accrue au cours de ces derni\u00e8res ann\u00e9es. Toutefois, le chiffre d&#8217;affaires repr\u00e9sente moins de 10% du chiffre d&#8217;affaire global de la profession.<\/p>\n<h2>Combien de salons de coiffure recense-t-on en France ?<\/h2>\n<h3>Un nombre d&#8217;\u00e9tablissement en forte progression<\/h3>\n<p>Le secteur de la <strong>coiffure<\/strong> comptait 79.500 \u00e9tablissements en 2012, contre 58.000 en 2000. Mais, dans un contexte de demande atone, cette inflation du nombre de salons p\u00e8se naturellement sur le chiffre d&#8217;affaires moyen et, par cons\u00e9quence, menace la p\u00e9rennit\u00e9 de certains op\u00e9rateurs.<\/p>\n<p>Une part importante des cr\u00e9ations d&#8217;entreprise dans le secteur de la <strong>coiffure<\/strong> est imputable \u00e0 la mont\u00e9e en puissance de l&#8217;auto-entreprenariat, personnes qui se sont lanc\u00e9es dans la <strong>coiffure<\/strong> \u00e0 domicile.<\/p>\n<p>Il convient \u00e9galement de pr\u00e9ciser que 35% des immatriculations d&#8217;entreprises de <strong>coiffure<\/strong> ont \u00e9t\u00e9 enregistr\u00e9es en Ile&#8211;de-France, Rh\u00f4ne-Alpes et Provence-Alpes-C\u00f4tes d&#8217;Azur.<\/p>\n<p>Le secteur occupait environ 170.000 personnes en 2012, dont pr\u00e8s de 100.000 salari\u00e9s.<\/p>\n<h3>Une activit\u00e9 artisanale<\/h3>\n<p>Le nombre de <strong>salons de coiffure<\/strong> n&#8217;employant aucun salari\u00e9 est tr\u00e8s \u00e9lev\u00e9 et en augmentation constante : 51,5% en 2012 selon la FNC.<\/p>\n<p>Le nombre moyen de salari\u00e9s par \u00e9tablissement s&#8217;\u00e9tablissait \u00e0 2,6 en 2012, contre 2,8 en 2008.<\/p>\n<p>Par ailleurs, les <strong>salons de coiffure<\/strong> ont r\u00e9guli\u00e8rement recours \u00e0 l&#8217;apprentissage et aux contrats scolaires afin de r\u00e9duire la masse salariale.<\/p>\n<h2>Les grandes tendances du march\u00e9<\/h2>\n<h3>Un march\u00e9 qui se structure autour de deux grands types d&#8217;offre<\/h3>\n<p>Une certaine polarisation des prestations propos\u00e9es par les professionnels de la <strong>coiffure<\/strong> autour de grandes cat\u00e9gories d&#8217;offres voit le jour :<\/p>\n<ul>\n<li>Une offre discount essentiellement ax\u00e9e sur les prix et la rapidit\u00e9 d&#8217;ex\u00e9cution des prestations. Cette offre est g\u00e9n\u00e9ralement propos\u00e9e dans les salons sans rendez-vous et repose sur un mod\u00e8le \u00e9conomique jouant sur les volumes,<\/li>\n<li>Une offre &#8220;haut de gamme&#8221;, qui soigne l&#8217;accueil et recourt \u00e0 des techniques plus sophistiqu\u00e9es. Ce mod\u00e8le \u00e9conomique repose plut\u00f4t sur la valeur ajout\u00e9e des prestations et la hausse du ticket moyen.<\/li>\n<\/ul>\n<h3>De nouveaux concepts de salons<\/h3>\n<p>Ces derni\u00e8res ann\u00e9es, un nouveau concept de <strong>salon de coiffure<\/strong> a \u00e9merg\u00e9. Il s&#8217;agit d&#8217;implantations dans des lieux de passages tels les gares, les centres commerciaux, les a\u00e9roports&#8230; et o\u00f9 l&#8217;on pratique des services express (coupe et\/ou coiffage, manucure, soins esth\u00e9tiques rapides). Le but de ces concepts est de capter les achats d&#8217;impulsion\u00a0 et de derni\u00e8re minutes, le plus souvent avec des prestations basiques et ultrarapides pour un service partiel.<\/p>\n<p><span style=\"font-family: Trebuchet MS;\">Les <strong>salons de coiffure<\/strong> ont \u00e9galement d\u00e9velopp\u00e9 diverses activit\u00e9s connexes \u00e0 leurs prestations parmi lesquelles : <\/span><\/p>\n<ul>\n<li><span style=\"font-family: Trebuchet MS;\">La vente de produits et accessoires de beaut\u00e9 : produits capillaires, bijoux, articles de parfumerie, accessoires divers, etc. ; <\/span><\/li>\n<li><span style=\"font-family: Trebuchet MS;\">Des prestations d\u2019hygi\u00e8ne et de beaut\u00e9 corporelle : manucures, soins de la peau, etc. <\/span><\/li>\n<\/ul>\n<p><span style=\"font-family: Trebuchet MS;\">\u00a0<\/span><span style=\"font-family: Trebuchet MS;\">L\u2019activit\u00e9 \u00ab <strong>coiffure<\/strong> \u00bb correspond au code APE 96.02A de la nomenclature NAF de l\u2019Insee.<\/span><\/p>\n<p><span style=\"font-family: Trebuchet MS;\"><img loading=\"lazy\" decoding=\"async\" class=\"aligncenter wp-image-658 size-full\" title=\"salon de coiffure business plan\" src=\"http:\/\/www.business-plan.org\/wp-content\/uploads\/2017\/03\/salon-de-coiffure-business-plan.png\" alt=\"salon de coiffure business plan\" width=\"275\" height=\"183\" srcset=\"https:\/\/www.business-plan.org\/wp-content\/uploads\/2017\/03\/salon-de-coiffure-business-plan.png 275w, https:\/\/www.business-plan.org\/wp-content\/uploads\/2017\/03\/salon-de-coiffure-business-plan-50x33.png 50w\" sizes=\"auto, (max-width: 275px) 100vw, 275px\" \/><\/span><\/p>\n<h2 class=\"date\" data-test=\"date-maj\">Quels sont les principaux \u00e9l\u00e9ments de leur performance financi\u00e8re ?<\/h2>\n<p>Selon la F\u00e9d\u00e9ration des Centres de Gestion Agr\u00e9\u00e9s, les entreprises individuelles de la <strong>coiffure <\/strong>en salon comme \u00e0 domicile ont vu leur chiffre d&#8217;affaires et leur r\u00e9sultat moyens se contracter en 2013.<\/p>\n<p>Le r\u00e9sultat courant des entreprises individuelles du secteur de la <strong>coiffure<\/strong> en salon s&#8217;est \u00e9tabli \u00e0 20,1% du chiffre d&#8217;affaires en 2013 alors que celui des coiffeurs \u00e0 domicile s&#8217;\u00e9tablissait \u00e0 environ 35%.<\/p>\n<h2 class=\"date\" data-test=\"date-maj\">Sp\u00e9cificit\u00e9s du compte de r\u00e9sultat pr\u00e9visionnel<\/h2>\n<p class=\"date\" data-test=\"date-maj\">Le business-plan doit \u00eatre adapt\u00e9 \u00e0 cette activit\u00e9. Les points suivants devront notamment \u00eatre \u00e9tudi\u00e9s :<\/p>\n<ul>\n<li class=\"date\" data-test=\"date-maj\">La forme juridique d&#8217;exploitation est libre : entreprise individuelle, <a href=\"http:\/\/www.business-plan.org\/index.php\/2017\/02\/26\/sarl-ou-sas\/\">sarl \/ eurl, sas \/ sasu<\/a>&#8230;<\/li>\n<\/ul>\n<p style=\"padding-left: 60px;\">Le choix le plus fr\u00e9quent revient \u00e0 la SARL (95% des formes d&#8217;exploitation).<\/p>\n<ul>\n<li>Le chiffre d&#8217;affaires se d\u00e9compose en soins \/ revente de produits finis.<\/li>\n<\/ul>\n<p style=\"padding-left: 60px;\">Pr\u00e9s des trois-quarts des <strong>salons de coiffure<\/strong> g\u00e9n\u00e8rent un chiffre d&#8217;affaires annuel inf\u00e9rieur \u00e0 200 K\u20ac HT.<\/p>\n<ul>\n<li>La gestion des cartes de fid\u00e9lit\u00e9,<\/li>\n<\/ul>\n<p style=\"padding-left: 60px;\">Le cas \u00e9ch\u00e9ant, une provision pour risque devra \u00eatre valoris\u00e9e et int\u00e9gr\u00e9e au <strong>business-plan<\/strong>.<\/p>\n<ul>\n<li>Le prix de location du linge ou son entretien,<\/li>\n<\/ul>\n<p style=\"padding-left: 60px;\">Le linge constitue un poste de d\u00e9penses important pour les salons de coiffure. Pour d\u00e9marrer, il faut environ une centaine de serviettes et une douzaine de peignoirs, \u00e9tant pr\u00e9cis\u00e9 que la dur\u00e9e de vie d&#8217;une serviette est de deux ans.<\/p>\n<p style=\"padding-left: 60px;\">L&#8217;achat du linge permet de r\u00e9aliser des \u00e9conomies, mais cela implique d&#8217;en assurer l&#8217;entretien soi-m\u00eame ou de recourir aux services d&#8217;un prestataire externe.<\/p>\n<p style=\"padding-left: 60px;\">Le linge peut \u00e9galement \u00eatre lou\u00e9 en souscrivant\u00a0un contrat dit \u00e0 40% (sur une semaine donn\u00e9e, 40% du linge vont au lavage, 40% reviennent au <strong>salon<\/strong> et 20% restent disponibles)<\/p>\n<ul>\n<li>La masse salariale (shampouineur, assistant coiffeur, coloriste, coiffeur&#8230;)<\/li>\n<\/ul>\n<p style=\"padding-left: 60px;\">Le poids des frais de personnel s&#8217;alourdit sensiblement avec la taille des entreprises individuelles du secteur. La masse salariale repr\u00e9sente ainsi 4% des revenus des petits salons (chiffre d&#8217;affaires annuel inf\u00e9rieur \u00e0 42 K\u20ac), mais pr\u00e8s de 40% de ceux des plus grands (chiffre d&#8217;affaires compris entre 130 K\u20ac et 280 K\u20ac).<\/p>\n<p style=\"padding-left: 60px;\">Dans les petites structures, l&#8217;impact sur les charges d&#8217;exploitation du co\u00fbt suppl\u00e9mentaire engendr\u00e9 par le recrutement d&#8217;un nouveau salari\u00e9 est significatif. Aussi, de nombreux <strong>salons de coiffure<\/strong> ont recours au temps partiel ou au contrat d&#8217;apprentissage pour d\u00e9velopper l&#8217;activit\u00e9 en r\u00e9duisant la hausse des charges de personnel.<\/p>\n<p style=\"padding-left: 60px;\">La r\u00e9mun\u00e9ration des d\u00e9butants correspond au SMIC. La convention collective ajoute \u00e0 cela une r\u00e9mun\u00e9ration en fonction de la recette et des primes d&#8217;anciennet\u00e9.<\/p>\n<ul>\n<li>Les redevances<\/li>\n<\/ul>\n<p style=\"padding-left: 60px;\">Ce poste concerne les franchis\u00e9s qui doivent s&#8217;acquitter d&#8217;une redevance habituellement\u00a0calcul\u00e9e sur le chiffre d&#8217;affaires.<\/p>\n<p style=\"padding-left: 60px;\">Il est imp\u00e9ratif que la redevance ou son mode de calcul soit stipul\u00e9 au contrat.<\/p>\n<p style=\"padding-left: 60px;\">Si les franchis\u00e9s doivent participer aux frais publicitaires qui servent \u00e0 couvrir le co\u00fbt du marketing et\/ou de la promotion), la r\u00e9partition de cette participation doit \u00eatre pr\u00e9vue dans le contrat de franchise. Les <strong>salons<\/strong> franchis\u00e9s doivent \u00e9galement pr\u00e9voir un budget de publicit\u00e9 locale pour la dur\u00e9e du contrat.<\/p>\n<ul>\n<li>La CFE<\/li>\n<\/ul>\n<p style=\"padding-left: 60px;\">L&#8217;exon\u00e9ration de CFE pr\u00e9vue en faveur de certains artisans par l&#8217;article 1452 du CGI est notamment subordonn\u00e9e \u00e0 la condition que le contribuable &#8220;n&#8217;utilise pas des installations d&#8217;une importance ou d&#8217;un confort tels qu&#8217;il soit possible de consid\u00e9rer qu&#8217;une partie importante de la r\u00e9mun\u00e9ration de l&#8217;exploitant provient du capital engag\u00e9&#8221;.<\/p>\n<p style=\"padding-left: 60px;\">Dans le cadre de la taxe professionnelle (remplac\u00e9e par la CFE), l&#8217;administration fiscale avait pr\u00e9cis\u00e9, que devait \u00eatre assujetti un <strong>coiffeur<\/strong> qui, eu \u00e9gard tant au\u00a0 caract\u00e8re de son installation (quatre fauteuils) et \u00e0 l&#8217;importance de son outillage \u00e9lectrique (quatre s\u00e9choirs, un chauffe-eau, un appareil \u00e0 ondulations ind\u00e9frisables) qu&#8217;au fait qu&#8217;il effectue des ventes de produits de parfumerie et d&#8217;objets de toilette.<\/p>\n<p>Il faudra \u00eatre vigilant sur les pr\u00e9visions :<\/p>\n<ul>\n<li>du\u00a0montant du loyer par rapport au chiffre d&#8217;affaires attendu<\/li>\n<\/ul>\n<p style=\"padding-left: 60px;\">La surface moyenne d&#8217;un salon de coiffure est de 50 m\u00b2. Dans le centre des grandes villes, la surface peut cependant atteindre 100 m\u00b2. En raison des exigences impos\u00e9es par les franchises, la surface moyenne des <strong>salons<\/strong> \u00e0 tendance \u00e0 s&#8217;accro\u00eetre.<\/p>\n<ul>\n<li>de consommations de mati\u00e8res premi\u00e8res et du taux de marge commerciale sur le n\u00e9goce d&#8217;articles (shampoing, cr\u00e8mes&#8230;),<\/li>\n<\/ul>\n<p style=\"padding-left: 60px;\">Globalement, et en moyenne, le taux de marge brute varie peu selon la taille des entreprises. Il s&#8217;\u00e9tablit entre 88% et 90% du chiffre d&#8217;affaire annuel.<\/p>\n<p>Naturellement, et comme pour toute activit\u00e9, le business-plan devra int\u00e9grer tous les autres postes habituels et notamment :<\/p>\n<ul>\n<li>le montant pr\u00e9visionnel de la r\u00e9mun\u00e9ration du dirigeant et\/ou <strong>coiffeur<\/strong>,<\/li>\n<li>les charges sociales qui en d\u00e9coulent (avec impact \u00e9ventuel des exon\u00e9rations <a href=\"http:\/\/www.business-plan.org\/index.php\/2017\/02\/26\/accre\/\">accre<\/a> par exemple),<\/li>\n<li>l&#8217;estimation de l&#8217;imp\u00f4t sur le revenu (entreprise individuelle ou soci\u00e9t\u00e9 transparente fiscalement).<\/li>\n<\/ul>\n<h2>Points de vigilance du plan de financement<\/h2>\n<p>Il conviendra d&#8217;\u00eatre vigilant sur l&#8217;\u00e9tablissement du plan de\u00a0financement, notamment au regard :<\/p>\n<ul>\n<li>du\u00a0droit d&#8217;entr\u00e9e en cas de franchise,<\/li>\n<\/ul>\n<p style=\"padding-left: 60px;\">Dans le cas d&#8217;un <strong>salon de coiffure<\/strong> exploit\u00e9 sous contrat de franchise, un budget de 70 K\u20ac \u00e0 180 K\u20ac, am\u00e9nagement compris, n&#8217;est pas rare. Ce montant peut para\u00eetre \u00e9lev\u00e9, mais les droits d&#8217;entr\u00e9e ne repr\u00e9sentent que 10% du total. Le reste concerne l&#8217;am\u00e9nagement et la mise aux normes ainsi que le kit d&#8217;int\u00e9gration (dont la formation).<\/p>\n<ul>\n<li>\u00a0des investissements en mat\u00e9riel (travaux, bacs \u00e0 shampoing, s\u00e9choirs, linge, outillage de coiffure&#8230;), en agencements (fauteuils, postes de travail, pr\u00e9sentoirs \u00e0 produits) et en informatique (ordinateur, logiciel de gestion de client\u00e8le)<\/li>\n<\/ul>\n<p style=\"padding-left: 60px;\">Des devis devront \u00eatre obtenus pr\u00e9alablement \u00e0 la remise du <strong>business-plan<\/strong> au conseiller bancaire.<\/p>\n<ul>\n<li>du stock<\/li>\n<\/ul>\n<p style=\"padding-left: 60px;\">Dans un <strong>salon de coiffure<\/strong>, le stock repr\u00e9sentent entre 5 K\u20ac et 10 K\u20ac.<\/p>\n<p style=\"padding-left: 60px;\">Les achats de produits se font g\u00e9n\u00e9ralement aupr\u00e8s des grossistes (qui peuvent livrer en 24 heures), des fabricants auxquels de nombreux salons sont li\u00e9s (L&#8217;Or\u00e9al, Eug\u00e8ne Perma, Schwarzkopf, Wella regroup\u00e9s au sein du Groupement pour le D\u00e9veloppement de la Coiffure), et des coop\u00e9ratives r\u00e9gionales d&#8217;achats.<\/p>\n<ul>\n<li>du montant du capital social en cas de cr\u00e9ation de soci\u00e9t\u00e9 par rapport au montant des apports en compte courant d&#8217;associ\u00e9.<\/li>\n<\/ul>\n<p style=\"padding-left: 60px;\">Pour m\u00e9moire, les comptes courants d&#8217;associ\u00e9s sont remboursables, sauf exigences particuli\u00e8res de la banque pr\u00eateuse.<\/p>\n<ul>\n<li>du besoin en fonds de roulement<\/li>\n<\/ul>\n<p style=\"padding-left: 60px;\">Habituellement, les <strong>salons de coiffure<\/strong><a href=\"http:\/\/www.business-plan.org\/index.php\/emprunt-bancaire\/le-besoin-en-fonds-de-roulement-bfr\/\">le besoin en fonds de roulement <\/a> n&#8217;ont pas besoin de financement, pr\u00e9sentant un solde n\u00e9gatif. On \u00e9voquera alors la pr\u00e9sence d&#8217;une ressource en fonds de roulement.<\/p>\n<p style=\"padding-left: 60px;\">L&#8217;exc\u00e9dent de fonds roulement repr\u00e9sentait en moyenne 4 jours de chiffre d&#8217;affaires en 2013. Cela s&#8217;explique par un d\u00e9lai moyen de r\u00e8glement clients de 1 jour de chiffre d&#8217;affaires, tandis que le cr\u00e9dit fournisseurs repr\u00e9sentait 21 jours d&#8217;achats, le tout avec une rotation des stocks d&#8217;environ 17 jours.<\/p>\n<h2>Evaluation sectorielle<\/h2>\n<h3>Points forts et faiblesses du secteur et\/ou de l&#8217;entreprise ayant un impact sur la valeur<\/h3>\n<p>Points forts :<\/p>\n<ul>\n<li>emplacement,<\/li>\n<li>peu de concurrents \u00e0 proximit\u00e9 sur le m\u00eame type de client\u00e8le,<\/li>\n<li>niveau de qualification des employ\u00e9s,<\/li>\n<li>r\u00e9putation de la cha\u00eene pour les franchis\u00e9s,<\/li>\n<li>fid\u00e9lit\u00e9 de la client\u00e8le et r\u00e9currence du chiffre d&#8217;affaires,<\/li>\n<li>salon refait r\u00e9cemment<\/li>\n<\/ul>\n<p>Points faibles :<\/p>\n<ul>\n<li>turnover important, beaucoup de formations en alternance,<\/li>\n<li>manque d&#8217;exp\u00e9rience des apprentis,<\/li>\n<li>emplacement peu passant, ou sans clients potentiels suffisants,<\/li>\n<li>salon vieillot.<\/li>\n<\/ul>\n<h3>Inventaire des m\u00e9thodes les plus couramment utilis\u00e9es dans le secteur<\/h3>\n<p>Le chiffre d&#8217;affaires est l&#8217;\u00e9l\u00e9ment principal de l&#8217;\u00e9valuation d&#8217;un fonds de commerce de <strong>coiffure<\/strong>.<\/p>\n<p>Le M\u00e9mento Transmission d&#8217;Entreprise 2013\/2014, version en ligne, qui ne pr\u00e9sente aucun caract\u00e8re officiel, mais qui est g\u00e9n\u00e9ralement utilis\u00e9 par les experts et les tribunaux, donne pour base d&#8217;\u00e9valuation une fourchette assez large : 65% \u00e0 130% du CA annuel TTC.<\/p>\n<p>Les r\u00e9sultats obtenus par application de ce bar\u00e8me indicatif doivent \u00eatre corrig\u00e9s pour int\u00e9grer les caract\u00e9ristiques du <strong>salon<\/strong>.<\/p>\n<p>Cette \u00e9valuation s&#8217;entend mat\u00e9riel compris, \u00e0 l&#8217;exclusion du stock de marchandises.<\/p>\n<p>Le chiffre d&#8217;affaires retenu, TVA comprises, est souvent le chiffre d&#8217;affaires des trois derni\u00e8res ann\u00e9es. Le plus souvent, l&#8217;\u00e9valuation est pond\u00e9r\u00e9e de fa\u00e7on relativement intuitive par la qualit\u00e9 de l&#8217;emplacement et la rentabilit\u00e9.<\/p>\n<p>Au cours de ces derni\u00e8res ann\u00e9es, les coefficients (pour des salons &#8220;standard&#8221;) ont plut\u00f4t tendance \u00e0 baisser du fait de la prolif\u00e9ration des salons et de la plus grande difficult\u00e9 \u00e0 marger.<\/p>\n<p>Cette tendance est renforc\u00e9e par la difficult\u00e9 \u00e0 trouver des collaborateurs comp\u00e9tents et \u00e0 les garder.<\/p>\n<p><span style=\"color: #0000ff;\"><em>Cet article vous a aid\u00e9 ? Faites-le nous savoir par un &#8220;like&#8221; ! Merci !<\/em><\/span><\/p>\n<p><strong>Notre cabinet d&#8217;expertise comptable sera \u00e0 vos c\u00f4t\u00e9s pour vous conseiller et vous assister dans l&#8217;ouverture ou le rachat d&#8217;un salon de coiffure. Vous serez conseill\u00e9 \u00e0 tous les niveaux : fiscalit\u00e9, social, comptable,\u00a0juridique et financier (notamment dans l&#8217;\u00e9tablissement de votre business-plan) !<\/strong><\/p>\n<p style=\"text-align: center;\"><img loading=\"lazy\" decoding=\"async\" class=\"aligncenter wp-image-127\" src=\"http:\/\/www.business-plan.org\/wp-content\/uploads\/2017\/02\/cropped-cropped-2AEC-nouveau-logo-r\u00e9duit-300x140.png\" alt=\"2AEC Business-plan, le cabinet d'expertise comptable sp\u00e9cialis\u00e9 dans la cr\u00e9ation d'entreprise. Paris 75\" width=\"101\" height=\"47\" srcset=\"https:\/\/www.business-plan.org\/wp-content\/uploads\/2017\/02\/cropped-cropped-2AEC-nouveau-logo-r\u00e9duit-300x140.png 300w, https:\/\/www.business-plan.org\/wp-content\/uploads\/2017\/02\/cropped-cropped-2AEC-nouveau-logo-r\u00e9duit-50x23.png 50w, https:\/\/www.business-plan.org\/wp-content\/uploads\/2017\/02\/cropped-cropped-2AEC-nouveau-logo-r\u00e9duit.png 720w\" sizes=\"auto, (max-width: 101px) 100vw, 101px\" \/>Tour Onyx &#8211; 10, rue Vandrezanne &#8211; 75013 Paris &#8211; T\u00e9l : 01.44.23.24.25<\/p>\n","protected":false},"excerpt":{"rendered":"<p>Que recouvre le secteur de la coiffure ? La profession de coiffeur consiste \u00e0 effectuer, en salon ou \u00e0 domicile, diff\u00e9rents types d\u2019op\u00e9rations de soins esth\u00e9tiques et hygi\u00e9niques sur la chevelure : shampooing, coupe, mise en plis, coloration, permanente, etc. L&#8217;organisation de la profession La profession s&#8217;est organis\u00e9e autour de trois modes d&#8217;exercice : Les<a href=\"https:\/\/www.business-plan.org\/index.php\/fiches-metiers-financement\/salon-de-coiffure\/\">[&#8230;]<\/a><\/p>\n","protected":false},"author":2,"featured_media":0,"parent":365,"menu_order":0,"comment_status":"open","ping_status":"closed","template":"","meta":{"footnotes":""},"yst_prominent_words":[],"class_list":["post-644","page","type-page","status-publish","hentry"],"_links":{"self":[{"href":"https:\/\/www.business-plan.org\/index.php\/wp-json\/wp\/v2\/pages\/644","targetHints":{"allow":["GET"]}}],"collection":[{"href":"https:\/\/www.business-plan.org\/index.php\/wp-json\/wp\/v2\/pages"}],"about":[{"href":"https:\/\/www.business-plan.org\/index.php\/wp-json\/wp\/v2\/types\/page"}],"author":[{"embeddable":true,"href":"https:\/\/www.business-plan.org\/index.php\/wp-json\/wp\/v2\/users\/2"}],"replies":[{"embeddable":true,"href":"https:\/\/www.business-plan.org\/index.php\/wp-json\/wp\/v2\/comments?post=644"}],"version-history":[{"count":54,"href":"https:\/\/www.business-plan.org\/index.php\/wp-json\/wp\/v2\/pages\/644\/revisions"}],"predecessor-version":[{"id":1157,"href":"https:\/\/www.business-plan.org\/index.php\/wp-json\/wp\/v2\/pages\/644\/revisions\/1157"}],"up":[{"embeddable":true,"href":"https:\/\/www.business-plan.org\/index.php\/wp-json\/wp\/v2\/pages\/365"}],"wp:attachment":[{"href":"https:\/\/www.business-plan.org\/index.php\/wp-json\/wp\/v2\/media?parent=644"}],"wp:term":[{"taxonomy":"yst_prominent_words","embeddable":true,"href":"https:\/\/www.business-plan.org\/index.php\/wp-json\/wp\/v2\/yst_prominent_words?post=644"}],"curies":[{"name":"wp","href":"https:\/\/api.w.org\/{rel}","templated":true}]}}