{"id":490,"date":"2017-03-12T08:17:08","date_gmt":"2017-03-12T08:17:08","guid":{"rendered":"http:\/\/www.business-plan.org\/?page_id=490"},"modified":"2017-10-14T06:37:25","modified_gmt":"2017-10-14T06:37:25","slug":"le-seuil-de-rentabilite","status":"publish","type":"page","link":"https:\/\/www.business-plan.org\/index.php\/financement-bancaire\/le-seuil-de-rentabilite\/","title":{"rendered":"Le seuil de rentabilit\u00e9"},"content":{"rendered":"<h2>D\u00e9finition<\/h2>\n<p>Le\u00a0<strong>seuil de rentabilit\u00e9<\/strong> correspond au chiffre d&#8217;affaires HT qui permet de d\u00e9gager un r\u00e9sultat nul, apr\u00e8s prise en compte de toutes les charges, fixes et variables.<\/p>\n<p>Contrairement aux id\u00e9es re\u00e7ues, le <strong>seuil de rentabilit\u00e9<\/strong> ne correspond pas n\u00e9cessairement au chiffre d&#8217;affaires suffisant au remboursement des dettes, notamment des emprunts bancaires. La d\u00e9termination de la <a href=\"http:\/\/www.business-plan.org\/index.php\/business-plan-financement-bancaire\/plan-de-financement\/capacite-autofinancement-caf\/\">capacit\u00e9 d&#8217;autofinancement<\/a>, coupl\u00e9e \u00e0 l&#8217;\u00e9laboration d&#8217;un <a href=\"http:\/\/www.business-plan.org\/index.php\/business-plan-financement-bancaire\/plan-de-financement\/\">plan de financement<\/a>,\u00a0demeure indispensable \u00e0 ce contr\u00f4le.<\/p>\n<h3>Les charges fixes<\/h3>\n<p>Ce sont les charges dites de &#8220;structure&#8221;, \u00e0 savoir celles qui devront \u00eatre support\u00e9es par l&#8217;entreprise quel que soit le chiffre d&#8217;affaires g\u00e9n\u00e9r\u00e9. Elles peuvent cependant \u00e9voluer par palier (exemple : la r\u00e9mun\u00e9ration de base d&#8217;un commercial nouvellement recrut\u00e9).<\/p>\n<p>A titre d&#8217;exemples, on peut citer les loyers, les assurances, les salaires bruts (hors commissions \u00e9ventuelles)&#8230; Naturellement, une charge peut \u00eatre fixe pour une activit\u00e9 et variable pour une autre (le poste &#8220;assurance&#8221; est fixe pour un restaurant, mais variable pour un architecte).<\/p>\n<h3>Les charges variables<\/h3>\n<p>Ce sont les charges qui d\u00e9pendent de l&#8217;activit\u00e9 de l&#8217;entreprise et dont le montant est nul en cas d&#8217;absence de chiffre d&#8217;affaires.<\/p>\n<p>A titre d&#8217;exemples, on peut citer les mati\u00e8res premi\u00e8res et marchandises, les commissions sur les paiements par cartes bancaires, les commissions vers\u00e9es&#8230;<\/p>\n<h2>D\u00e9termination du seuil de rentabilit\u00e9<\/h2>\n<p style=\"text-align: left;\">Ce calcul n\u00e9cessite de r\u00e9partir les charges pr\u00e9visionnelles par nature : charges fixes et charges variables.<img loading=\"lazy\" decoding=\"async\" class=\"alignright wp-image-510\" title=\"seuil de rentabiilte business plan\" src=\"http:\/\/www.business-plan.org\/wp-content\/uploads\/2017\/03\/seuil-de-rentabilite-300x141.jpg\" alt=\"seuil de rentabiilte business plan\" width=\"219\" height=\"103\" srcset=\"https:\/\/www.business-plan.org\/wp-content\/uploads\/2017\/03\/seuil-de-rentabilite-300x141.jpg 300w, https:\/\/www.business-plan.org\/wp-content\/uploads\/2017\/03\/seuil-de-rentabilite-50x24.jpg 50w, https:\/\/www.business-plan.org\/wp-content\/uploads\/2017\/03\/seuil-de-rentabilite.jpg 485w\" sizes=\"auto, (max-width: 219px) 100vw, 219px\" \/><\/p>\n<p style=\"text-align: left;\">Dans un premier temps, il est n\u00e9cessaire de d\u00e9terminer la marge sur co\u00fbt variable unitaire : prix de vente unitaire &#8211; prix de revient unitaire<\/p>\n<p style=\"text-align: left;\">Le taux de marge sur co\u00fbt variable est \u00e9gal \u00e0 la marge sur co\u00fbt variable divis\u00e9e par le prix de vente unitaire.<\/p>\n<p style=\"text-align: left;\">Le <strong>seuil de rentabilit\u00e9<\/strong> correspond alors aux charges fixes divis\u00e9es par le taux de marge sur co\u00fbt variable.<\/p>\n<h2>D\u00e9finition du point mort<\/h2>\n<p>La confusion du\u00a0<strong>seuil de rentabilit\u00e9\u00a0<\/strong>avec le point mort est fr\u00e9quente.<\/p>\n<p>Le point mort correspond\u00a0en r\u00e9alit\u00e9 \u00e0 la date de l&#8217;ann\u00e9e o\u00f9 le seuil de rentabilit\u00e9 est atteint.<\/p>\n<p style=\"text-align: left;\">Point Mort (en jours) = Seuil de Rentabilit\u00e9 \/ ( Chiffre d\u2019Affaires annuel \/ 360 jours )<\/p>\n<p style=\"text-align: left;\"><strong>Dans le cadre de l&#8217;\u00e9tablissement de votre business-plan, nous aborderons naturellement ce sujet crucial. Mais le seuil de rentabilit\u00e9 sera \u00e9tudi\u00e9 avec une approche sp\u00e9cifique destin\u00e9e \u00e0 l&#8217;obtention d&#8217;un financement bancaire.<\/strong><\/p>\n","protected":false},"excerpt":{"rendered":"<p>D\u00e9finition Le\u00a0seuil de rentabilit\u00e9 correspond au chiffre d&#8217;affaires HT qui permet de d\u00e9gager un r\u00e9sultat nul, apr\u00e8s prise en compte de toutes les charges, fixes et variables. Contrairement aux id\u00e9es re\u00e7ues, le seuil de rentabilit\u00e9 ne correspond pas n\u00e9cessairement au chiffre d&#8217;affaires suffisant au remboursement des dettes, notamment des emprunts bancaires. La d\u00e9termination de la<a href=\"https:\/\/www.business-plan.org\/index.php\/financement-bancaire\/le-seuil-de-rentabilite\/\">[&#8230;]<\/a><\/p>\n","protected":false},"author":2,"featured_media":0,"parent":59,"menu_order":0,"comment_status":"open","ping_status":"closed","template":"","meta":{"footnotes":""},"yst_prominent_words":[702,712,734,691,714,724,726,718,720,729,731,725,723,728,689,690,730,727,732,707],"class_list":["post-490","page","type-page","status-publish","hentry"],"_links":{"self":[{"href":"https:\/\/www.business-plan.org\/index.php\/wp-json\/wp\/v2\/pages\/490","targetHints":{"allow":["GET"]}}],"collection":[{"href":"https:\/\/www.business-plan.org\/index.php\/wp-json\/wp\/v2\/pages"}],"about":[{"href":"https:\/\/www.business-plan.org\/index.php\/wp-json\/wp\/v2\/types\/page"}],"author":[{"embeddable":true,"href":"https:\/\/www.business-plan.org\/index.php\/wp-json\/wp\/v2\/users\/2"}],"replies":[{"embeddable":true,"href":"https:\/\/www.business-plan.org\/index.php\/wp-json\/wp\/v2\/comments?post=490"}],"version-history":[{"count":19,"href":"https:\/\/www.business-plan.org\/index.php\/wp-json\/wp\/v2\/pages\/490\/revisions"}],"predecessor-version":[{"id":691,"href":"https:\/\/www.business-plan.org\/index.php\/wp-json\/wp\/v2\/pages\/490\/revisions\/691"}],"up":[{"embeddable":true,"href":"https:\/\/www.business-plan.org\/index.php\/wp-json\/wp\/v2\/pages\/59"}],"wp:attachment":[{"href":"https:\/\/www.business-plan.org\/index.php\/wp-json\/wp\/v2\/media?parent=490"}],"wp:term":[{"taxonomy":"yst_prominent_words","embeddable":true,"href":"https:\/\/www.business-plan.org\/index.php\/wp-json\/wp\/v2\/yst_prominent_words?post=490"}],"curies":[{"name":"wp","href":"https:\/\/api.w.org\/{rel}","templated":true}]}}